+ 2 - 167. Let q = -5 + 10. Suppose j = q*j - 88. Calculate the greatest common factor of j and n.
11
Let t be 3/(-3) + -1 + 2. Let s(o) = o**2 + o + 77. Let m be s(t). Let c(h) = h**2 - 2*h - 1. Let f be c(4). Calculate the highest common divisor of m and f.
7
Suppose -s - 3*o + 5 = -3*s, s + 5*o = 30. Calculate the highest common factor of 45 and s.
5
Suppose 0*k = -4*k + 8. Suppose 2*p - 20 = -d - 2*d, -k*p - 4 = 0. Let z be 3/2*d/3. Calculate the greatest common factor of 44 and z.
4
Suppose 2*y = 4*u + 4*y - 390, -u = y - 96. Calculate the greatest common divisor of 9 and u.
9
Let q = 35 + 10. Let x be 72/(-20)*15/(-6). What is the highest common divisor of x and q?
9
Let j be 0/(4*2/(-4)). Suppose -y + j*y + 9 = 0. What is the highest common factor of y and 72?
9
Let g = -11 + 5. Let u = g + 17. Let i be 86 - (-1 - 1)/1. Calculate the greatest common factor of u and i.
11
Suppose -32 = 2*j - 4*j. Let k be ((-10)/6)/(3/(-9)). Let r be -1 + (-6)/3 + k. What is the highest common factor of r and j?
2
Suppose 2*o - 3*o + 5 = 0. Suppose -4*x + x - 158 = -o*v, 3*x - 114 = -3*v. Let j(l) = -8*l + 1. Let n be j(-2). What is the greatest common divisor of v and n?
17
Let m(d) = 23*d**3 + d**2 + d + 1. Let c = -5 - -4. Let s be m(c). Let r = 43 + s. What is the highest common divisor of 189 and r?
21
Suppose -c + 25 = 4*c. Let t = c + -2. Suppose -t = -7*r + 4*r. Calculate the highest common factor of r and 8.
1
Let c = -15 + 46. Let r be c*(2 - (-2)/(-2)). Let l = r - 15. Calculate the highest common factor of 4 and l.
4
Let v(h) = h**3 + 9*h**2 + 9*h + 24. Let r be v(-8). What is the greatest common divisor of 4 and r?
4
Let d(b) be the first derivative of -23*b**4/4 + 2*b**3/3 - b - 4. Let k be d(-1). Calculate the greatest common factor of 48 and k.
24
Let k = -15 + 14. Let x be (0 + k)/(9/(-18)). What is the greatest common divisor of x and 14?
2
Suppose -4 = -t - 3. Suppose -x - 1 = 5*h, h - 2*h + t = -x. Suppose l - 4*l + 4*q + 42 = h, 4*l - q - 56 = 0. What is the highest common divisor of l and 56?
14
Suppose -3*o + 0*s + 3*s = -6, -2*s = -o + 7. Suppose 7*x = 2*x + 95. Let c = x + o. Calculate the highest common factor of c and 48.
16
Let z = 0 + 9. Let x = -157 - -238. Calculate the highest common factor of x and z.
9
Suppose -v = 3*v. Suppose v*g + g = 33. What is the greatest common divisor of g and 3?
3
Let z(o) be the third derivative of o**5/60 - o**4/24 + 2*o**3/3 + o**2. Let p be z(3). What is the highest common factor of p and 2?
2
Suppose -3*y + 6 = -0*y. Let p = -5 + 9. Suppose 0 = -p*k + 7 + 65. What is the highest common factor of k and y?
2
Suppose k = 109 + 11. Calculate the highest common factor of k and 80.
40
Let m = -6 + 10. Let y be 24*-2*(-1)/m. What is the greatest common divisor of y and 8?
4
Let p = 76 + -22. Suppose 0 = j - v - 14, -4*j + v + p = -v. What is the highest common factor of j and 117?
13
Suppose 2 + 13 = -5*p. Let x(f) be the second derivative of -23*f**3/6 + 3*f**2/2 - 5*f. Let y be x(p). Calculate the highest common factor of y and 8.
8
Suppose -3*h = -5*c - 29, h + 12*c - 13 = 13*c. Calculate the greatest common divisor of 9 and h.
9
Suppose -4*f + 396 = -j + 5*j, 3*j = -5*f + 497. Suppose -d - 41 = -2*w, -3*w + 64 = d - 5*d. What is the greatest common factor of f and w?
20
Suppose -o - 34 = -3*b + 4*o, 2*b = -3*o + 10. Calculate the greatest common divisor of 12 and b.
4
Let o be (8/(-4) - -2)/(-1). Suppose -4*w + 305 = 3*h, o*h - 3*w = -h + 93. Suppose 5 = -n + 16. Calculate the greatest common divisor of h and n.
11
Suppose -24 = -o - 7. Suppose 2*c = 2*k - 3*k + 93, -251 = -3*k + c. What is the greatest common factor of o and k?
17
Let h be ((-1)/(-1))/((-6)/96). Let f be (-2)/(-8) + (-1276)/h. Let r = f - 35. What is the greatest common divisor of r and 18?
9
Let f(h) = -h**3 - 7 + 7 - 5*h**2 - h**2 - 6 + 5*h. Let s be f(-7). Calculate the greatest common factor of 56 and s.
8
Suppose -9*j + 14*j - 160 = 0. Suppose -v - 3*v = 3*u - 414, 4 = 2*u. Let d = -54 + v. What is the greatest common divisor of d and j?
16
Let m be (0 - 0 - 3) + 1. Let l be 2*(-2 - m - -1). Suppose l*j = 53 + 87. What is the greatest common divisor of 14 and j?
14
Suppose -f = -9 - 0. What is the greatest common divisor of 3 and f?
3
Let h be -2 - (20*1)/(-1). Suppose 2*d - 4*d - 6 = 0. Let c(u) = 5*u**2 - 2*u + 3. Let v be c(d). Calculate the greatest common divisor of h and v.
18
Suppose -10*n + 12 = -188. Calculate the greatest common factor of 4 and n.
4
Let r(u) = 3*u**2 - 5*u + 4. Let q be r(-5). Suppose 0 = 5*s - 39 - 26. Calculate the greatest common factor of q and s.
13
Let g(t) = 6*t + 32. Let a be g(13). Calculate the highest common divisor of 22 and a.
22
Let c(u) = u**3 + u**2 + 20. Let p be c(0). Let r be ((-605)/33)/(2/(-12))*2. What is the greatest common divisor of p and r?
20
Suppose 130 = 2*o - 5*s, -o - s = -2*s - 62. Let m(t) = t**2 - 3*t - 6. Let j be m(6). Calculate the greatest common divisor of o and j.
12
Let n be 62/5 + 10/(-25). Let u = 17 - n. Suppose 157 = u*d - 218. What is the greatest common factor of 15 and d?
15
Let v(z) = z**2 - 2*z - 8. Let n be v(6). Suppose 3*o - 19 = 173. Calculate the highest common factor of n and o.
16
Suppose 4*r - 2*d = 172, -6*d + 32 = r - d. What is the highest common factor of r and 6?
6
Let y(n) = n**2 + 4*n - 9. Let r be y(-7). Suppose 30 + 738 = 3*q. Let s = -160 + q. What is the greatest common factor of r and s?
12
Let m be 8/44 + 265/55 - -7. Let r(g) = g**3 - 2*g**2 + 5*g - 4. Let f be r(4). Calculate the highest common divisor of f and m.
12
Let p(l) = -47*l + 3. Let t be p(-3). Suppose 4*i + 7*h = 3*h + t, -i = -3*h - 36. Let z = i + -21. What is the greatest common divisor of 105 and z?
15
Suppose 3*r = 398 + 904. Let k = r + -263. What is the highest common factor of 19 and k?
19
Let a(d) = -1 + 7*d - 2 + d**3 - d - 2 - 3*d**2. Let h be a(5). What is the greatest common factor of 50 and h?
25
Let o be (-26)/4*(0 + -2). Let u = 23 + -16. Let l be 457/7 - 2/u. What is the highest common divisor of l and o?
13
Let g be 6/3 + 6/2. Let n = g + 25. Let k be (2/(-4))/((-3)/n). What is the highest common factor of k and 40?
5
Let n = 107 + -91. What is the highest common divisor of n and 40?
8
Suppose 74 - 4 = 2*x. Calculate the highest common divisor of x and 280.
35
Let k(p) = -2*p + 3*p + p. Let h be k(3). Calculate the highest common divisor of 66 and h.
6
Let h(y) = y**2 - 4*y - 6. Let s be h(6). Let d = 34 + -22. What is the greatest common divisor of d and s?
6
Let m be 3/9 + (-10)/(-15). What is the greatest common divisor of m and 9?
1
Suppose -4*i - i + 5 = 0. Let n(v) = -v - 5. Let f be n(-7). Calculate the greatest common factor of i and f.
1
Let h(y) = -4*y - 9. Suppose -3 = i - 4*t + 3, -t = -i - 6. Let w be h(i). What is the highest common divisor of 5 and w?
5
Suppose 5*g = 72 + 38. Suppose -k + 58 = -3*f, 4*k + 3*f = -2*f + 215. Calculate the greatest common divisor of k and g.
11
Let n(y) = -y**3 + 6*y**2 + 8*y + 6. Let j be n(7). Let o be 3 + (1/(-2) - (-105)/10). What is the highest common divisor of o and j?
13
Let m(z) = z**2 - 6*z + 9. Let v be m(6). Let r = 547 + -316. Suppose 3*y - 3*a + 36 = 4*y, -2*a - r = -5*y. What is the highest common factor of v and y?
9
Suppose 5*r - 468 = r. Let h = -26 + 39. What is the greatest common divisor of h and r?
13
Let g(u) = u**2 - 3*u - 4. Let b be (-1)/(-2)*-3*2. Let t be g(b). Calculate the greatest common factor of t and 35.
7
Suppose -2*g - 155 = -5*i - 7*g, 2*g = 4*i - 118. What is the greatest common divisor of i and 20?
10
Suppose 16 + 25 = -y. Let t = 3 - y. Calculate the greatest common factor of t and 11.
11
Let v = 42 + -26. What is the greatest common factor of v and 4?
4
Suppose -3*a + 2*y - 112 = 0, 2*a + 2*a - y + 146 = 0. Let n be 3/(-1*2/a). Let v be (n/2 - -2) + -1. What is the highest common divisor of 42 and v?
14
Let c(y) = -y + 1. Let w be c(-5). Let z be 70 + -1 - (-13 - -10). Let k be z/27 + (-2)/(-6). What is the greatest common factor of k and w?
3
Let d be (3/6)/(1/120). Suppose 4*t - d = 4. Suppose 2*o = 72 - t. What is the greatest common factor of 14 and o?
14
Let u(b) = -b**3 - 5*b**2 + 5*b - 7. Let a be u(-6). Let x be 2/(a*(-3)/48). Calculate the grea